1 (base 9) in base 8?
5262003
Convert 24ab50 (base 16) to base 14.
467ada
Convert 1768499 (base 10) to base 3.
10022211220222
Convert -1162323 (base 7) to base 10.
-149712
Convert -222101300 (base 4) to base 12.
-84268
What is 518449 (base 15) in base 10?
3875469
What is 142d77 (base 16) in base 14?
265ca3
Convert -1300002102 (base 4) to base 9.
-768436
What is 12011233 (base 4) in base 14?
9139
Convert -2bbf70 (base 16) to base 4.
-22323331300
Convert -10304114314 (base 5) to base 11.
-62367a0
What is -31651 (base 8) in base 9?
-20124
What is -86286 (base 16) in base 7?
-4446033
Convert -114789 (base 10) to base 8.
-340145
189355 (base 11) to base 3
112202121021
Convert 10453352 (base 6) to base 16.
4db64
What is -12220221020 (base 3) in base 7?
-663630
140234433 (base 5) to base 9
1304444
Convert 322122031330 (base 4) to base 13.
3231502
Convert -12055102 (base 6) to base 10.
-380846
Convert -21084 (base 16) to base 3.
-20212121010
-2022121121 (base 3) to base 5
-2430041
202120221200221 (base 3) to base 7
162004132
-13331110 (base 4) to base 7
-164014
11011211012010 (base 3) to base 11
1287473
What is -459441 (base 12) in base 8?
-4202061
-2101041 (base 7) to base 3
-110211100000
827067 (base 10) to base 11
51542a
-1021200120 (base 3) to base 13
-b682
What is 17e4 (base 16) in base 4?
1133210
Convert 2941a1 (base 13) to base 15.
14dd33
What is 100010001010110 (base 2) in base 15?
52b4
Convert -1245311 (base 6) to base 3.
-10111002021
What is -18c7 (base 16) in base 4?
-1203013
What is 48719 (base 13) in base 8?
403641
Convert 29a52 (base 13) to base 16.
1333c
21202a (base 12) to base 16
7f6a2
111121330 (base 4) to base 6
1513524
3450616 (base 9) to base 7
21561615
What is 113112332202 (base 4) in base 2?
10111010110111110100010
-12824a6 (base 11) to base 2
-1000011100100010100101
What is -746465 (base 8) in base 6?
-5201233
-1487221 (base 13) to base 6
-352304501
Convert -279a27 (base 11) to base 14.
-b579d
36c54d (base 14) to base 2
111001010011110111001
a9002 (base 12) to base 13
7a603
Convert 13131021 (base 5) to base 11.
89856
Convert -318104 (base 14) to base 4.
-12120230320
-164533 (base 11) to base 12
-1035a6
What is -10321b (base 12) in base 10?
-254327
33241312 (base 5) to base 10
290207
-59cb8 (base 14) to base 8
-654232
What is -9440798 (base 10) in base 8?
-44007036
Convert 28c12 (base 14) to base 4.
120230200
Convert -3312303113 (base 4) to base 16.
-f6cd7
Convert a3e3e8 (base 16) to base 15.
e22677
Convert -15393 (base 12) to base 10.
-29919
2102000000 (base 3) to base 4
23210121
Convert 19b03 (base 12) to base 16.
93f3
-10011101101010001101 (base 2) to base 10
-645773
-25233305 (base 6) to base 16
-c6929
Convert 11331332 (base 7) to base 14.
1c0289
132433346 (base 7) to base 9
17065365
10000101000110010 (base 2) to base 16
10a32
What is 1234016 (base 8) in base 3?
122101011210
34047 (base 9) to base 6
252454
1318114 (base 10) to base 9
2428101
11163465 (base 7) to base 2
11101101101101101101
What is 1111010001011010 (base 2) in base 4?
33101122
34204 (base 10) to base 15
a204
Convert ac20b (base 14) to base 10.
417491
Convert -2220143 (base 5) to base 9.
-58188
-23051 (base 13) to base 8
-174443
-26727e (base 16) to base 12
-a16192
What is 88323 (base 10) in base 4?
111210003
What is 3013210 (base 4) in base 3?
122112001
What is 21a61a2 (base 11) in base 8?
16560562
What is 25716000 (base 8) in base 11?
32717a8
Convert 480672 (base 9) to base 4.
1012213103
Convert 2032315 (base 8) to base 16.
834cd
-8048797 (base 10) to base 5
-4030030142
What is -1535215 (base 6) in base 9?
-147232
-1006631 (base 8) to base 12
-109875
103124450 (base 6) to base 13
4c1535
What is -1111001001011111 (base 2) in base 6?
-1155131
10120210011 (base 3) to base 9
116704
What is 8ac650 (base 13) in base 8?
14414705
-4e101 (base 16) to base 9
-536542
Convert -22000321201 (base 4) to base 8.
-12007141
Convert 112120100 (base 4) to base 10.
91664
-7025175 (base 11) to base 9
-25355403
Convert 12d36 (base 16) to base 6.
1352554
2021110221 (base 4) to base 7
4531602
Convert 225630 (base 7) to base 10.
40446
What is 10101001011010 (base 2) in base 4?
2221122
-37a2179 (base 11) to base 14
-c38127
Convert 211110211010 (base 4) to base 12.
3339998
-20373721 (base 8) to base 2
-10000011111011111010001
-633a8 (base 14) to base 7
-2015101
Convert -158627 (base 10) to base 11.
-a91a7
What is -118a9 (base 16) in base 2?
-10001100010101001
What is -3403676 (base 8) in base 7?
-10546501
What is -10000100011000101 (base 2) in base 16?
-108c5
10222102221201 (base 3) to base 14
3d09aa
Convert 2063857 (base 9) to base 15.
16c6aa
What is 50183 (base 14) in base 9?
322817
Convert 17526131 (base 8) to base 14.
78cbc5
What is 30331000 (base 4) in base 15?
10ac1
Convert -1638115 (base 12) to base 6.
-241344425
Convert 3445520 (base 6) to base 16.
2b578
What is -9d4bc (base 15) in base 2?
-1111010001101100001
1564752 (base 11) to base 4
22030010222
What is 10011111000111111001001 (base 2) in base 5?
2313323103
Convert -3132300201 (base 4) to base 6.
-31320053
What is -6214641 (base 8) in base 13?
-457966
115164450 (base 7) to base 5
3321200110
What is -3562c (base 13) in base 15?
-1de4a
What is -31025135 (base 6) in base 11?
-5588a9
What is -212225 (base 8) in base 9?
-117112
Convert -113212112331 (base 4) to base 13.
-1387b12
What is 113142 (base 9) in base 12?
33378
Convert -18a12c (base 13) to base 3.
-1011121011111
-2481a6 (base 11) to base 12
-16a713
Convert -2a9676 (base 13) to base 16.
-1001f8
Convert 122100100021202 (base 3) to base 11.
5226a27
685360 (base 10) to base 6
22404544
Convert 7652a (base 11) to base 6.
2214222
-8551745 (base 9) to base 2
-10001011110011000110011
Convert 19cd40 (base 14) to base 2.
11100000011000111100
-8175 (base 12) to base 7
-55661
Convert 200121100 (base 3) to base 14.
4d2b
Convert -13143302 (base 7) to base 16.
-125f6f
84219 (base 11) to base 7
1020524
Convert 11701771 (base 8) to base 9.
4776342
Convert 11033303 (base 5) to base 9.
155713
2d178 (base 15) to base 14
3b023
What is -434675 (base 8) in base 9?
-242058
244403230 (base 5) to base 15
181660
What is 2a5782 (base 15) in base 5?
1010343242
What is 1755386 (base 11) in base 2?
1011010111010110100011
Convert 5491a (base 13) to base 10.
153137
What is -113342402 (base 5) in base 13?
-156350
7501637 (base 9) to base 12
14184b1
-80647 (base 9) to base 14
-1546d
Convert 5054310 (base 6) to base 15.
4b4e3
a13a6a (base 12) to base 16
266332
-6d22ea (base 15) to base 13
-110aa27
-2c239 (base 15) to base 11
-97972
Convert -3453113 (base 6) to base 10.
-178245
What is -4535316 (base 7) in base 5?
-121014314
Convert 101313421 (base 5) to base 7.
3353655
What is -2ba63 (base 13) in base 12?
-40098
What is -3133132 (base 5) in base 14?
-150b2
Convert -41143414 (base 5) to base 10.
-334234
What is 14120004 (base 6) in base 13?
139111
Convert -6562675 (base 10) to base 12.
-2245a17
What is -64779 (base 10) in base 8?
-176413
What is -310031232 (base 4) in base 13?
-76467
Convert 56d349 (base 15) to base 2.
1111110100000001011100
1b4665 (base 16) to base 15
254963
What is 22686653 (base 9) in base 16?
a876fe
What is 101110010000111000110111 (base 2) in base 14?
1879a75
-23222111 (base 4) to base 9
-72462
Convert -101122232 (base 4) to base 11.
-49667
What is 220222101120000 (base 3) in base 14?
1a97697
What is -20110022022121 (base 3) in base 8?
-15054772
-10100010100000000000010 (base 2) to base 9
-11015226
What is -63462166 (base 8) in base 5?
-11430314014
What is -57087 (base 12) in base 3?
-12212221211
Convert 3ba6083 (base 12) to base 3.
211102020110200
Convert 1849137 (base 10) to base 11.
1053314
Convert -a4b87 (base 14) to base 2.
-1100001000001100011
11c3b (base 15) to base 5
3304011
74c947 (base 15) to base 11
3158938
What is bb15 (base 13) in base 9?
38647
Convert 744274 (base 10) to base 16.
b5b52
Convert -402424333 (base 5) to base 8.
-6104635
Convert -7a60 (base 15) to base 7.
-135462
Convert 10332126 (base 7) to base 16.
d7502
Convert 312113222 (base 4) to base 16.
365ea
-141201 (base 10) to base 8
-423621
What is -676745 (base 8) in base 11?
-146a24
-102222002212 (base 3) to base 14
-61ba8
-21534614 (base 7) to base 12
-757042
What is 11101100100111000010000 (base 2) in base